pose 36*n - 6*n - 1020 = 0. Suppose n*h - 108394 = 8*h. Is h prime?
False
Suppose -3*t - 114 + 32 = -5*b, 2*b = -3*t + 37. Let m = b + -7. Suppose m*z - 5*z - 575 = 0. Is z prime?
False
Suppose -2 = -2*a - 2*p, 5 = 5*a + 5*p - 2*p. Suppose -4*f = -3*j + 4*j - 24433, -f = a. Is j composite?
True
Let v = 6 + -16. Let a be v/(6 - 1)*-508. Suppose -4*q - 4*q + a = 0. Is q composite?
False
Suppose -204*d + 5*z = -209*d + 319725, 4*z + 319761 = 5*d. Is d a prime number?
True
Suppose 5*f - w - 15 = 0, f + w + 21 = 6*w. Is ((-18)/f + 5)/(5/60330) a composite number?
True
Let h be -5*((-7)/(-70) - 2/4). Suppose -h*r - 10 = -6. Let g(a) = 4*a**2 - 2*a - 1. Is g(r) composite?
False
Let q(j) = 45*j**2 - 29*j - 17. Let w(u) = 23*u**2 - 14*u - 8. Let d(x) = -4*q(x) + 9*w(x). Let g be d(-12). Let t = g - 1923. Is t composite?
False
Let t be 36 + 1 + -10 + 9. Let z = t - -73. Suppose -a + z = -933. Is a a composite number?
True
Let r = -58780 - -172347. Is r composite?
False
Suppose -p + o = -72616, -256*p + 251*p = 2*o - 363059. Is p composite?
False
Let q(u) = 5*u**3 - 3*u**2 - 18*u - 4. Let a(x) = -x**3 - 21*x**2 - 36*x + 45. Let k be a(-19). Is q(k) a prime number?
False
Suppose -10 = -5*z, 4*d - 2*d - 18 = -z. Let c be 4905/20 + (6/d - 1). Suppose 0 = -5*j + 5*i + 8560, -j - c + 1939 = 5*i. Is j a prime number?
True
Suppose -4*d - 129033 = -3*c + 19472, 3*c - 5*d - 148501 = 0. Is c prime?
False
Let c be ((-2)/6)/((-24)/10554408). Let j = -91868 + c. Is j a composite number?
False
Is ((12/24)/((-1)/6))/(6/(-15214)) prime?
True
Let u = 98 + -94. Suppose 5*q = 4*f + 1978, -2*f + 326 = u*q - 1246. Is q a composite number?
True
Is 2 - 1113/(((-56)/(-40))/(-7)) prime?
False
Suppose 122*y - 51290 = 112*y. Is y composite?
True
Is 56666462/185 + 4/(-20) prime?
False
Suppose -2*g = -4*g + 4. Suppose 4*d + 23 = w, g*w = -3*w - 3*d. Suppose -z - 6462 = -w*q - 4*z, -5*z + 5 = 0. Is q prime?
True
Let q = 2876 - 5336. Let y = -289 - q. Is y composite?
True
Let h(b) = 5*b**2 + 25*b + 869. Is h(-23) composite?
False
Let y = -492 + 497. Suppose 0 = -5*a + y*d + 19655, 2*a + 11*d - 7886 = 7*d. Is a a prime number?
False
Is (-7 - 16 - -162175) + -19 composite?
True
Let j = 338832 + -236803. Is j a prime number?
False
Let n(s) = -s - 16 - 102*s**2 - 6*s + 108*s**2. Is n(-15) composite?
False
Suppose -25 = 5*f - 3*i, -4*f - i = -f + 15. Let z be -3 - f - 1/(-1). Is 1*(-2 - z - -5862) a prime number?
True
Let w(h) = h**2 + 84*h + 243. Let l be w(-3). Let q(d) be the third derivative of -d**6/120 + d**4/24 + 1949*d**3/6 + d**2. Is q(l) a prime number?
True
Let b(g) = 27*g**2 - 13 - 12*g - 12 + 4 - 6. Let o = -99 - -91. Is b(o) a composite number?
True
Suppose 4*s + 17349 = -2*y + 627835, -3*y = 4*s - 915717. Is y composite?
False
Let v(t) be the first derivative of -153*t**2/2 + 31*t - 54. Is v(-8) a prime number?
False
Let m = -50891 - -95556. Is m a composite number?
True
Let m(t) = t**2 + 6*t + 8. Let w = -14 + 9. Let z be m(w). Suppose z*b = -3*n + 382 + 59, 3*b - 446 = -4*n. Is b a prime number?
False
Suppose 4*z + 123227 = -9*j + 12*j, -2*j = 3*z - 82157. Is j a composite number?
False
Let u be 15*4/(-24)*-2. Suppose -179 + 49 = -u*l. Let n = 293 + l. Is n composite?
True
Let n = 286555 + -97468. Is n composite?
True
Suppose -14627*f = -14575*f - 1348987 - 849625. Is f prime?
True
Suppose -277*m = -272*m - o - 54415, 4*o + 54415 = 5*m. Is m a composite number?
False
Suppose -2*d + 5*k = -37, -4*d = -3*d - 5*k - 16. Suppose 0 = -19*h + d*h - n - 653, h - 330 = 4*n. Is h prime?
False
Let f be (1281 - 0)/((-1)/(-2)). Suppose 12*u + f - 10326 = 0. Is u composite?
False
Let h(v) = 1065*v**3 + 7*v**2 + 9. Is h(5) composite?
True
Let m(q) = 15*q**2 - 107*q + 367. Is m(-63) prime?
True
Suppose -11*m + 6*m + 4*l + 1312133 = 0, -3*l + 1312084 = 5*m. Is m a prime number?
False
Suppose 4993 = 5*m - 1817. Suppose -5*f + 3*w = -11197, -8956 = -3*f - f + 4*w. Let t = f - m. Is t a prime number?
False
Let u be (-1 + -1)/(-2) - 4. Let q be (4/u)/((-4)/6). Suppose 0*f - 3*o = -f + 580, q*o + 2913 = 5*f. Is f composite?
True
Suppose g + 23 - 11 = -2*h, 6 = g - 4*h. Is 25585/15 + 3 + (-2)/g composite?
False
Let m(i) = i**3 - 4*i**2 + 14*i + 80. Let s be m(25). Suppose 4*f + 24*w - 54206 = 25*w, 0 = -f + 2*w + s. Is f composite?
True
Let g = 338137 - 161210. Is g composite?
False
Is (4 - -2)*((-66)/12 - -5) + 53206 a prime number?
False
Let a(m) be the third derivative of 45*m**4/8 + 203*m**3/6 + 156*m**2. Is a(18) a prime number?
True
Let c(m) = -4*m - 8. Let k(t) = -3*t - 7. Let d(n) = 6*c(n) - 7*k(n). Let j be d(-1). Suppose 5*r + j*q = 12511, -4*q + 10 = 14. Is r prime?
True
Suppose p = s - 4*s + 19, 3*p = 3*s - 27. Let k(n) = -36*n**2 + 43*n - 21. Let d(h) = 52*h**2 - 62*h + 31. Let t(r) = -11*d(r) - 16*k(r). Is t(s) prime?
True
Suppose 3436383 + 1318224 = 57*a - 373284. Is a a composite number?
False
Suppose 0 = -11*u + 3*u + 3136. Suppose 5*d - u = 9878. Suppose d = -19*l + 21*l. Is l a prime number?
False
Let c(i) = 17*i**2 - 12*i + 27. Let h be c(12). Suppose 3696 = -4*w - 2*j, -w = -3*j + 586 + 352. Let y = w + h. Is y prime?
False
Let s = 200094 + -125323. Is s a composite number?
False
Suppose 48 = 52*b - 40*b. Let i(h) = -h**3 - 6*h**2 - h - 6. Let j be i(-6). Suppose -b*v + 5*y + 1215 = 446, 5*v + 3*y - 952 = j. Is v a prime number?
True
Suppose 0 = -4*d - n + 41, 4*d - 6*d = -3*n - 31. Let c(y) = 102*y**2 - d - 7 + 10 + 3*y. Is c(3) composite?
False
Let u = 528692 - 337197. Is u a prime number?
False
Suppose -5*c - 346557 = -3*j + 175563, c - 348067 = -2*j. Is j a prime number?
False
Let d(a) = 0*a**3 - 45 - 2*a**3 + 62 - 18*a**2 - 10*a. Is d(-13) composite?
False
Let v(c) = 1050*c + 35. Let h(t) = 3154*t + 105. Let n(l) = 3*h(l) - 8*v(l). Is n(2) a prime number?
False
Is 668804650/3825 + 1/9 a prime number?
True
Let d = -110 + 115. Let n(h) = 30*h**3 + 8*h**2 + 8*h - 6. Let j be n(d). Let l = -989 + j. Is l a composite number?
True
Let i(f) = -12*f**3 + 6*f**2 + 46*f - 61. Is i(-16) prime?
True
Suppose 34 = 3*f - 4*n, -4*n - 1 = 2*f + 3. Let c(k) = -19 + 7*k - f*k**2 + 6 + 2*k**3 + k. Is c(6) composite?
False
Suppose -2*h - 9469 = -13*o + 18*o, -3*h - 9466 = 5*o. Let n = 3376 + o. Is n composite?
False
Let h(s) = -2*s**3 + 17*s**2 + 6*s + 11. Let o be (7 - 0) + (2 - 0). Let j be h(o). Is (-8936)/j + (-3)/2 a composite number?
False
Suppose -7*j = 1702 + 1189. Let s = 54 - j. Is s a composite number?
False
Suppose 10*i - 3193 = 9*i - 2*b, -2*b - 16025 = -5*i. Is i a prime number?
True
Suppose -2*t + k + 34880 = 0, -5*t + 87222 = -6*k + 9*k. Let v = t - 7525. Is v a composite number?
True
Is 48640 + (-8 - (-18 + 3)) composite?
False
Is ((-38067)/(-7))/(((-437)/161)/(-19)) prime?
False
Let r(q) = 3*q**3 - 56*q**2 - 19*q + 5. Let c be r(19). Suppose 4*z - 31480 = -c*l - 7611, 11951 = 2*z - 3*l. Is z a prime number?
False
Let h(q) be the third derivative of 43*q**4/24 + 89*q**3/6 - 2*q**2 - 23. Is h(18) a prime number?
True
Let s(j) = 5116*j - 439. Is s(71) prime?
False
Suppose 5*p + 0*p - 730 = 0. Suppose c - 124 + 24 = 0. Let d = p - c. Is d a prime number?
False
Suppose -4*h - 3*q = -39, -3 + 1 = -2*h + 2*q. Let p be (2 + 4)*30/90. Suppose -3*r + 3*y + 879 = 0, -9*r = -h*r + p*y - 869. Is r a prime number?
False
Suppose 5*i + 5 = 0, 2*q = -5*i - 808 - 267. Let t = -122 - q. Is t prime?
False
Suppose -19955 = -4*q - 3391. Is q a composite number?
True
Suppose -473*m + f - 2794357 = -477*m, 5*f + 35 = 0. Is m prime?
True
Is (604551/(-6))/(1/(-10)) composite?
True
Suppose 0 = 3*h + 5*r - 1235926, -4*h - r + 1849566 = 201693. Is h a prime number?
True
Let l = 2651544 + -1889101. Is l a prime number?
False
Is 882620/20 + (-12)/1 prime?
True
Let x be (-12)/((-87)/42 - (-4)/7). Is (-8)/(-4)*(57012/x)/3 a composite number?
False
Let l(r) = -133*r + 3. Suppose -2*n - 30 = 4*n. Let i be l(n). Suppose 0 = -y + b + i, b - 453 = -y + 225. Is y prime?
True
Let c be (60/45)/(0 + (-4)/(-9)). Suppose 3*s - 5*p = -3*p - 9, c*p = 0. Is (-4882)/(-4) + (s - 12/(-8)) composite?
True
Suppose 2*l - 19*l + 28111411 = 12*l. Is l composite?
False
Is 685122/4*32/112 - (-6)/(-21) prime?
False
Let c(h) = -251*h + 9. Let g be c(-10). Let p = -4251 + g. Let w = p + 3633. Is w a prime number?
True
Suppose 